{"id":8292,"date":"2022-07-04T03:43:52","date_gmt":"2022-07-04T07:43:52","guid":{"rendered":"https:\/\/tableaineslaval.ca\/laval-on-the-move-for-the-good-treatment-of-seniors\/"},"modified":"2022-11-16T17:20:08","modified_gmt":"2022-11-16T22:20:08","slug":"laval-on-the-move-for-the-good-treatment-of-seniors","status":"publish","type":"page","link":"https:\/\/tableaineslaval.ca\/en\/laval-on-the-move-for-the-good-treatment-of-seniors\/","title":{"rendered":"Laval on the move for the good treatment of seniors"},"content":{"rendered":"\t\t<div data-elementor-type=\"wp-page\" data-elementor-id=\"8292\" class=\"elementor elementor-8292 elementor-8290\" data-elementor-settings=\"{&quot;ha_cmc_init_switcher&quot;:&quot;no&quot;}\" data-elementor-post-type=\"page\">\n\t\t\t\t\t\t<section class=\"elementor-section elementor-top-section elementor-element elementor-element-a102236 elementor-section-full_width elementor-section-content-middle elementor-section-height-default elementor-section-height-default\" data-id=\"a102236\" data-element_type=\"section\" data-e-type=\"section\" id=\"header-image-hero\" data-settings=\"{&quot;background_background&quot;:&quot;classic&quot;,&quot;_ha_eqh_enable&quot;:false}\">\n\t\t\t\t\t\t<div class=\"elementor-container elementor-column-gap-default\">\n\t\t\t\t\t<div class=\"elementor-column elementor-col-50 elementor-top-column elementor-element elementor-element-25a4739 header-text-hero\" data-id=\"25a4739\" data-element_type=\"column\" data-e-type=\"column\" data-settings=\"{&quot;background_background&quot;:&quot;classic&quot;}\">\n\t\t\t<div class=\"elementor-widget-wrap elementor-element-populated\">\n\t\t\t\t\t\t<div class=\"elementor-element elementor-element-40b3e76 elementor-widget__width-initial elementor-widget-tablet__width-inherit elementor-widget elementor-widget-heading\" data-id=\"40b3e76\" data-element_type=\"widget\" data-e-type=\"widget\" data-widget_type=\"heading.default\">\n\t\t\t\t<div class=\"elementor-widget-container\">\n\t\t\t\t\t<h2 class=\"elementor-heading-title elementor-size-default\">Laval in<br>  walk<br>  for good treatment  <br>of people  <br>Elders<\/h2>\t\t\t\t<\/div>\n\t\t\t\t<\/div>\n\t\t\t\t\t<\/div>\n\t\t<\/div>\n\t\t\t\t<div class=\"elementor-column elementor-col-50 elementor-top-column elementor-element elementor-element-156830e elementor-hidden-tablet elementor-hidden-mobile\" data-id=\"156830e\" data-element_type=\"column\" data-e-type=\"column\">\n\t\t\t<div class=\"elementor-widget-wrap\">\n\t\t\t\t\t\t\t<\/div>\n\t\t<\/div>\n\t\t\t\t\t<\/div>\n\t\t<\/section>\n\t\t\t\t<section class=\"elementor-section elementor-top-section elementor-element elementor-element-9bd370b elementor-section-full_width elementor-section-height-default elementor-section-height-default\" data-id=\"9bd370b\" data-element_type=\"section\" data-e-type=\"section\" data-settings=\"{&quot;background_background&quot;:&quot;classic&quot;,&quot;_ha_eqh_enable&quot;:false}\">\n\t\t\t\t\t\t<div class=\"elementor-container elementor-column-gap-no\">\n\t\t\t\t\t<div class=\"elementor-column elementor-col-50 elementor-top-column elementor-element elementor-element-b4b1d1f elementor-hidden-tablet elementor-hidden-mobile\" data-id=\"b4b1d1f\" data-element_type=\"column\" data-e-type=\"column\" data-settings=\"{&quot;background_background&quot;:&quot;classic&quot;}\">\n\t\t\t<div class=\"elementor-widget-wrap elementor-element-populated\">\n\t\t\t\t\t\t<div class=\"elementor-element elementor-element-8be29d4 elementor-nav-menu__align-start elementor-widget__width-initial nav-menu-sidebar elementor-hidden-tablet elementor-hidden-mobile elementor-nav-menu--dropdown-tablet elementor-nav-menu__text-align-aside elementor-nav-menu--toggle elementor-nav-menu--burger elementor-widget elementor-widget-nav-menu\" data-id=\"8be29d4\" data-element_type=\"widget\" data-e-type=\"widget\" data-settings=\"{&quot;layout&quot;:&quot;vertical&quot;,&quot;submenu_icon&quot;:{&quot;value&quot;:&quot;&lt;i class=\\&quot;fas fa-caret-down\\&quot; aria-hidden=\\&quot;true\\&quot;&gt;&lt;\\\/i&gt;&quot;,&quot;library&quot;:&quot;fa-solid&quot;},&quot;toggle&quot;:&quot;burger&quot;}\" data-widget_type=\"nav-menu.default\">\n\t\t\t\t<div class=\"elementor-widget-container\">\n\t\t\t\t\t\t\t\t<nav aria-label=\"Menu\" class=\"elementor-nav-menu--main elementor-nav-menu__container elementor-nav-menu--layout-vertical e--pointer-text e--animation-none\">\n\t\t\t\t<ul id=\"menu-1-8be29d4\" class=\"elementor-nav-menu sm-vertical\"><li class=\"menu-item menu-item-type-custom menu-item-object-custom menu-item-13825\"><a href=\"https:\/\/tableaineslaval.ca\/en\/our-events\/#Journ\u00e9e_internationale_des_a\u00een\u00e9s\" class=\"elementor-item elementor-item-anchor menu-link\">Journ\u00e9e internationale des a\u00een\u00e9s<\/a><\/li>\n<li class=\"menu-item menu-item-type-custom menu-item-object-custom menu-item-13826\"><a href=\"https:\/\/tableaineslaval.ca\/en\/our-events\/#Prix_Hommage_A\u00een\u00e9s\" class=\"elementor-item elementor-item-anchor menu-link\">Prix Hommage A\u00een\u00e9s<\/a><\/li>\n<li class=\"menu-item menu-item-type-custom menu-item-object-custom menu-item-13827\"><a href=\"https:\/\/tableaineslaval.ca\/en\/our-events\/#Laval_en_marche_pour_la_bientraitance_des_personnes_a\u00een\u00e9es\" class=\"elementor-item elementor-item-anchor menu-link\">Laval en marche pour la bientraitance des personnes a\u00een\u00e9es<\/a><\/li>\n<\/ul>\t\t\t<\/nav>\n\t\t\t\t\t<div class=\"elementor-menu-toggle\" role=\"button\" tabindex=\"0\" aria-label=\"Menu Toggle\" aria-expanded=\"false\">\n\t\t\t<i aria-hidden=\"true\" role=\"presentation\" class=\"elementor-menu-toggle__icon--open eicon-menu-bar\"><\/i><i aria-hidden=\"true\" role=\"presentation\" class=\"elementor-menu-toggle__icon--close eicon-close\"><\/i>\t\t<\/div>\n\t\t\t\t\t<nav class=\"elementor-nav-menu--dropdown elementor-nav-menu__container\" aria-hidden=\"true\">\n\t\t\t\t<ul id=\"menu-2-8be29d4\" class=\"elementor-nav-menu sm-vertical\"><li class=\"menu-item menu-item-type-custom menu-item-object-custom menu-item-13825\"><a href=\"https:\/\/tableaineslaval.ca\/en\/our-events\/#Journ\u00e9e_internationale_des_a\u00een\u00e9s\" class=\"elementor-item elementor-item-anchor menu-link\" tabindex=\"-1\">Journ\u00e9e internationale des a\u00een\u00e9s<\/a><\/li>\n<li class=\"menu-item menu-item-type-custom menu-item-object-custom menu-item-13826\"><a href=\"https:\/\/tableaineslaval.ca\/en\/our-events\/#Prix_Hommage_A\u00een\u00e9s\" class=\"elementor-item elementor-item-anchor menu-link\" tabindex=\"-1\">Prix Hommage A\u00een\u00e9s<\/a><\/li>\n<li class=\"menu-item menu-item-type-custom menu-item-object-custom menu-item-13827\"><a href=\"https:\/\/tableaineslaval.ca\/en\/our-events\/#Laval_en_marche_pour_la_bientraitance_des_personnes_a\u00een\u00e9es\" class=\"elementor-item elementor-item-anchor menu-link\" tabindex=\"-1\">Laval en marche pour la bientraitance des personnes a\u00een\u00e9es<\/a><\/li>\n<\/ul>\t\t\t<\/nav>\n\t\t\t\t\t\t<\/div>\n\t\t\t\t<\/div>\n\t\t\t\t\t<\/div>\n\t\t<\/div>\n\t\t\t\t<div class=\"elementor-column elementor-col-50 elementor-top-column elementor-element elementor-element-efca5fa\" data-id=\"efca5fa\" data-element_type=\"column\" data-e-type=\"column\">\n\t\t\t<div class=\"elementor-widget-wrap elementor-element-populated\">\n\t\t\t\t\t\t<div class=\"elementor-element elementor-element-8be3edd elementor-widget elementor-widget-heading\" data-id=\"8be3edd\" data-element_type=\"widget\" data-e-type=\"widget\" data-widget_type=\"heading.default\">\n\t\t\t\t<div class=\"elementor-widget-container\">\n\t\t\t\t\t<h2 class=\"elementor-heading-title elementor-size-default\">Laval en marche pour la bientraitance des personnes a\u00een\u00e9es<\/h2>\t\t\t\t<\/div>\n\t\t\t\t<\/div>\n\t\t\t\t<div class=\"elementor-element elementor-element-48677e5 elementor-widget elementor-widget-text-editor\" data-id=\"48677e5\" data-element_type=\"widget\" data-e-type=\"widget\" data-widget_type=\"text-editor.default\">\n\t\t\t\t<div class=\"elementor-widget-container\">\n\t\t\t\t\t\t\t\t\t<p>June 15 has been declared World Elder Abuse Day. For the past few years, the Comit\u00e9 de concertation pour contrer la maltraitance li\u00e9e au vieillissement \u00e0 Laval (CCMVL) has been the instigator of the regional walk for good treatment, of which the TRCAL is one of the partners.<\/p>\n\t\t\t\t\t\t\t\t<\/div>\n\t\t\t\t<\/div>\n\t\t\t\t<div class=\"elementor-element elementor-element-aaf2ef9 elementor-widget elementor-widget-text-editor\" data-id=\"aaf2ef9\" data-element_type=\"widget\" data-e-type=\"widget\" data-widget_type=\"text-editor.default\">\n\t\t\t\t<div class=\"elementor-widget-container\">\n\t\t\t\t\t\t\t\t\t<p>News about Laval on the move for the good treatment of seniors<\/p>\n\t\t\t\t\t\t\t\t<\/div>\n\t\t\t\t<\/div>\n\t\t\t\t\t<\/div>\n\t\t<\/div>\n\t\t\t\t\t<\/div>\n\t\t<\/section>\n\t\t\t\t<\/div>\n\t\t","protected":false},"excerpt":{"rendered":"<p>Laval in walk for good treatment of people Elders Laval en marche pour la bientraitance des personnes a\u00een\u00e9es June 15 has been declared World Elder Abuse Day. For the past [&hellip;]<\/p>\n","protected":false},"author":2,"featured_media":0,"parent":0,"menu_order":0,"comment_status":"closed","ping_status":"closed","template":"","meta":{"_acf_changed":false,"site-sidebar-layout":"no-sidebar","site-content-layout":"page-builder","ast-site-content-layout":"default","site-content-style":"default","site-sidebar-style":"default","ast-global-header-display":"","ast-banner-title-visibility":"","ast-main-header-display":"","ast-hfb-above-header-display":"","ast-hfb-below-header-display":"","ast-hfb-mobile-header-display":"","site-post-title":"disabled","ast-breadcrumbs-content":"","ast-featured-img":"disabled","footer-sml-layout":"","ast-disable-related-posts":"","theme-transparent-header-meta":"default","adv-header-id-meta":"","stick-header-meta":"default","header-above-stick-meta":"","header-main-stick-meta":"","header-below-stick-meta":"","astra-migrate-meta-layouts":"default","ast-page-background-enabled":"default","ast-page-background-meta":{"desktop":{"background-color":"","background-image":"","background-repeat":"repeat","background-position":"center center","background-size":"auto","background-attachment":"scroll","background-type":"","background-media":"","overlay-type":"","overlay-color":"","overlay-opacity":"","overlay-gradient":""},"tablet":{"background-color":"","background-image":"","background-repeat":"repeat","background-position":"center center","background-size":"auto","background-attachment":"scroll","background-type":"","background-media":"","overlay-type":"","overlay-color":"","overlay-opacity":"","overlay-gradient":""},"mobile":{"background-color":"","background-image":"","background-repeat":"repeat","background-position":"center center","background-size":"auto","background-attachment":"scroll","background-type":"","background-media":"","overlay-type":"","overlay-color":"","overlay-opacity":"","overlay-gradient":""}},"ast-content-background-meta":{"desktop":{"background-color":"var(--ast-global-color-5)","background-image":"","background-repeat":"repeat","background-position":"center center","background-size":"auto","background-attachment":"scroll","background-type":"","background-media":"","overlay-type":"","overlay-color":"","overlay-opacity":"","overlay-gradient":""},"tablet":{"background-color":"var(--ast-global-color-5)","background-image":"","background-repeat":"repeat","background-position":"center center","background-size":"auto","background-attachment":"scroll","background-type":"","background-media":"","overlay-type":"","overlay-color":"","overlay-opacity":"","overlay-gradient":""},"mobile":{"background-color":"var(--ast-global-color-5)","background-image":"","background-repeat":"repeat","background-position":"center center","background-size":"auto","background-attachment":"scroll","background-type":"","background-media":"","overlay-type":"","overlay-color":"","overlay-opacity":"","overlay-gradient":""}},"_themeisle_gutenberg_block_has_review":false,"footnotes":""},"class_list":["post-8292","page","type-page","status-publish","hentry"],"acf":[],"_links":{"self":[{"href":"https:\/\/tableaineslaval.ca\/en\/wp-json\/wp\/v2\/pages\/8292","targetHints":{"allow":["GET"]}}],"collection":[{"href":"https:\/\/tableaineslaval.ca\/en\/wp-json\/wp\/v2\/pages"}],"about":[{"href":"https:\/\/tableaineslaval.ca\/en\/wp-json\/wp\/v2\/types\/page"}],"author":[{"embeddable":true,"href":"https:\/\/tableaineslaval.ca\/en\/wp-json\/wp\/v2\/users\/2"}],"replies":[{"embeddable":true,"href":"https:\/\/tableaineslaval.ca\/en\/wp-json\/wp\/v2\/comments?post=8292"}],"version-history":[{"count":5,"href":"https:\/\/tableaineslaval.ca\/en\/wp-json\/wp\/v2\/pages\/8292\/revisions"}],"predecessor-version":[{"id":14088,"href":"https:\/\/tableaineslaval.ca\/en\/wp-json\/wp\/v2\/pages\/8292\/revisions\/14088"}],"wp:attachment":[{"href":"https:\/\/tableaineslaval.ca\/en\/wp-json\/wp\/v2\/media?parent=8292"}],"curies":[{"name":"wp","href":"https:\/\/api.w.org\/{rel}","templated":true}]}}

<div data-elementor-type="wp-page" data-elementor-id="8292" class="elementor elementor-8292 elementor-8290" data-elementor-settings="{&quot;ha_cmc_init_switcher&quot;:&quot;no&quot;}" data-elementor-post-type="page">
						<section class="elementor-section elementor-top-section elementor-element elementor-element-a102236 elementor-section-full_width elementor-section-content-middle elementor-section-height-default elementor-section-height-default" data-id="a102236" data-element_type="section" data-e-type="section" id="header-image-hero" data-settings="{&quot;background_background&quot;:&quot;classic&quot;,&quot;_ha_eqh_enable&quot;:false}">
						<div class="elementor-container elementor-column-gap-default">
					<div class="elementor-column elementor-col-50 elementor-top-column elementor-element elementor-element-25a4739 header-text-hero" data-id="25a4739" data-element_type="column" data-e-type="column" data-settings="{&quot;background_background&quot;:&quot;classic&quot;}">
			<div class="elementor-widget-wrap elementor-element-populated">
						<div class="elementor-element elementor-element-40b3e76 elementor-widget__width-initial elementor-widget-tablet__width-inherit elementor-widget elementor-widget-heading" data-id="40b3e76" data-element_type="widget" data-e-type="widget" data-widget_type="heading.default">
				<div class="elementor-widget-container">
					<h2 class="elementor-heading-title elementor-size-default">Laval in<br>  walk<br>  for good treatment  <br>of people  <br>Elders</h2>				</div>
				</div>
					</div>
		</div>
				<div class="elementor-column elementor-col-50 elementor-top-column elementor-element elementor-element-156830e elementor-hidden-tablet elementor-hidden-mobile" data-id="156830e" data-element_type="column" data-e-type="column">
			<div class="elementor-widget-wrap">
							</div>
		</div>
					</div>
		</section>
				<section class="elementor-section elementor-top-section elementor-element elementor-element-9bd370b elementor-section-full_width elementor-section-height-default elementor-section-height-default" data-id="9bd370b" data-element_type="section" data-e-type="section" data-settings="{&quot;background_background&quot;:&quot;classic&quot;,&quot;_ha_eqh_enable&quot;:false}">
						<div class="elementor-container elementor-column-gap-no">
					<div class="elementor-column elementor-col-50 elementor-top-column elementor-element elementor-element-b4b1d1f elementor-hidden-tablet elementor-hidden-mobile" data-id="b4b1d1f" data-element_type="column" data-e-type="column" data-settings="{&quot;background_background&quot;:&quot;classic&quot;}">
			<div class="elementor-widget-wrap elementor-element-populated">
						<div class="elementor-element elementor-element-8be29d4 elementor-nav-menu__align-start elementor-widget__width-initial nav-menu-sidebar elementor-hidden-tablet elementor-hidden-mobile elementor-nav-menu--dropdown-tablet elementor-nav-menu__text-align-aside elementor-nav-menu--toggle elementor-nav-menu--burger elementor-widget elementor-widget-nav-menu" data-id="8be29d4" data-element_type="widget" data-e-type="widget" data-settings="{&quot;layout&quot;:&quot;vertical&quot;,&quot;submenu_icon&quot;:{&quot;value&quot;:&quot;&lt;i class=\&quot;fas fa-caret-down\&quot; aria-hidden=\&quot;true\&quot;&gt;&lt;\/i&gt;&quot;,&quot;library&quot;:&quot;fa-solid&quot;},&quot;toggle&quot;:&quot;burger&quot;}" data-widget_type="nav-menu.default">
				<div class="elementor-widget-container">
								<nav aria-label="Menu" class="elementor-nav-menu--main elementor-nav-menu__container elementor-nav-menu--layout-vertical e--pointer-text e--animation-none">
				<ul id="menu-1-8be29d4" class="elementor-nav-menu sm-vertical"><li class="menu-item menu-item-type-custom menu-item-object-custom menu-item-13825"><a href="https://tableaineslaval.ca/en/our-events/#Journée_internationale_des_aînés" class="elementor-item elementor-item-anchor menu-link">Journée internationale des aînés</a></li>
<li class="menu-item menu-item-type-custom menu-item-object-custom menu-item-13826"><a href="https://tableaineslaval.ca/en/our-events/#Prix_Hommage_Aînés" class="elementor-item elementor-item-anchor menu-link">Prix Hommage Aînés</a></li>
<li class="menu-item menu-item-type-custom menu-item-object-custom menu-item-13827"><a href="https://tableaineslaval.ca/en/our-events/#Laval_en_marche_pour_la_bientraitance_des_personnes_aînées" class="elementor-item elementor-item-anchor menu-link">Laval en marche pour la bientraitance des personnes aînées</a></li>
</ul>			</nav>
					<div class="elementor-menu-toggle" role="button" tabindex="0" aria-label="Menu Toggle" aria-expanded="false">
			<i aria-hidden="true" role="presentation" class="elementor-menu-toggle__icon--open eicon-menu-bar"></i><i aria-hidden="true" role="presentation" class="elementor-menu-toggle__icon--close eicon-close"></i>		</div>
					<nav class="elementor-nav-menu--dropdown elementor-nav-menu__container" aria-hidden="true">
				<ul id="menu-2-8be29d4" class="elementor-nav-menu sm-vertical"><li class="menu-item menu-item-type-custom menu-item-object-custom menu-item-13825"><a href="https://tableaineslaval.ca/en/our-events/#Journée_internationale_des_aînés" class="elementor-item elementor-item-anchor menu-link" tabindex="-1">Journée internationale des aînés</a></li>
<li class="menu-item menu-item-type-custom menu-item-object-custom menu-item-13826"><a href="https://tableaineslaval.ca/en/our-events/#Prix_Hommage_Aînés" class="elementor-item elementor-item-anchor menu-link" tabindex="-1">Prix Hommage Aînés</a></li>
<li class="menu-item menu-item-type-custom menu-item-object-custom menu-item-13827"><a href="https://tableaineslaval.ca/en/our-events/#Laval_en_marche_pour_la_bientraitance_des_personnes_aînées" class="elementor-item elementor-item-anchor menu-link" tabindex="-1">Laval en marche pour la bientraitance des personnes aînées</a></li>
</ul>			</nav>
						</div>
				</div>
					</div>
		</div>
				<div class="elementor-column elementor-col-50 elementor-top-column elementor-element elementor-element-efca5fa" data-id="efca5fa" data-element_type="column" data-e-type="column">
			<div class="elementor-widget-wrap elementor-element-populated">
						<div class="elementor-element elementor-element-8be3edd elementor-widget elementor-widget-heading" data-id="8be3edd" data-element_type="widget" data-e-type="widget" data-widget_type="heading.default">
				<div class="elementor-widget-container">
					<h2 class="elementor-heading-title elementor-size-default">Laval en marche pour la bientraitance des personnes aînées</h2>				</div>
				</div>
				<div class="elementor-element elementor-element-48677e5 elementor-widget elementor-widget-text-editor" data-id="48677e5" data-element_type="widget" data-e-type="widget" data-widget_type="text-editor.default">
				<div class="elementor-widget-container">
									<p>June 15 has been declared World Elder Abuse Day. For the past few years, the Comité de concertation pour contrer la maltraitance liée au vieillissement à Laval (CCMVL) has been the instigator of the regional walk for good treatment, of which the TRCAL is one of the partners.</p>
								</div>
				</div>
				<div class="elementor-element elementor-element-aaf2ef9 elementor-widget elementor-widget-text-editor" data-id="aaf2ef9" data-element_type="widget" data-e-type="widget" data-widget_type="text-editor.default">
				<div class="elementor-widget-container">
									<p>News about Laval on the move for the good treatment of seniors</p>
								</div>
				</div>
					</div>
		</div>
					</div>
		</section>
				</div>

<p>Laval in walk for good treatment of people Elders Laval en marche pour la bientraitance des personnes aînées June 15 has been declared World Elder Abuse Day. For the past [&hellip;]</p>
